{"id":2272,"date":"2021-01-04T21:16:28","date_gmt":"2021-01-05T01:16:28","guid":{"rendered":"https:\/\/losandes.gob.ec\/carchi\/?page_id=2272"},"modified":"2021-07-07T11:29:04","modified_gmt":"2021-07-07T15:29:04","slug":"rendicion-de-cuentas-2021","status":"publish","type":"page","link":"https:\/\/losandes.gob.ec\/carchi\/rendicion-de-cuentas-2021\/","title":{"rendered":"Rendici\u00f3n de Cuentas 2021"},"content":{"rendered":"<p>INFORMES DE RENDICI\u00d3N DE CUENTAS INSTITUCIONAL<\/p>\n<p>REALIZADA EL 30 DE JUNIO DE 2020 POR PLATAFORMA ZOOM<\/p>\n<p>LA GRABACI\u00d3N SE ENCUENTRA PUBLICADA EN LA PAGINA DE FACEBBOK DE LA INSTITUCI\u00d3N<\/p>\n<p><a href=\"https:\/\/losandes.gob.ec\/carchi\/wp-content\/uploads\/2021\/07\/RENDICION-CUENTASGAD-202O.pdf\">RENDICION CUENTASGAD 202O<\/a><\/p>\n<p>INFORME DE VOCALES<\/p>\n<p>SRA. LUISA NEJER<\/p>\n<p><a href=\"https:\/\/losandes.gob.ec\/carchi\/wp-content\/uploads\/2021\/07\/ppt-rdc-luisa-nejer-1.pdf\">ppt rdc luisa nejer 1<\/a><\/p>\n<p>SR. PACO MALDONADO<\/p>\n<p><a href=\"https:\/\/losandes.gob.ec\/carchi\/wp-content\/uploads\/2021\/07\/RENDICION-PACO-2020.pptx.pdf\">RENDICION PACO 2020.pptx<\/a><\/p>\n<p>SRA. M\u00d3NICA MONTALVO<\/p>\n<p><a href=\"https:\/\/losandes.gob.ec\/carchi\/wp-content\/uploads\/2021\/07\/RENDICION-2020-MONICA-MONTALVO.pdf\">RENDICION 2020 MONICA MONTALVO<\/a><\/p>\n<p>EL GAD PARROQUIAL RURAL LOS ANDES<\/p>\n<p>INVITA A TODOS LOS CIUDADANOS A LA RENDICI\u00d3N DE CUENTAS DEL A\u00d1O 2020<\/p>\n<p>MIERCOLES 30 DE JUNIO DE 2021 &#8211; A LAS 10H00am<\/p>\n<p><img fetchpriority=\"high\" decoding=\"async\" class=\"alignnone size-medium wp-image-2725\" src=\"https:\/\/losandes.gob.ec\/carchi\/wp-content\/uploads\/2021\/06\/rendicion-550x549.png\" alt=\"\" width=\"550\" height=\"549\" srcset=\"https:\/\/losandes.gob.ec\/carchi\/wp-content\/uploads\/2021\/06\/rendicion-550x549.png 550w, https:\/\/losandes.gob.ec\/carchi\/wp-content\/uploads\/2021\/06\/rendicion-150x150.png 150w, https:\/\/losandes.gob.ec\/carchi\/wp-content\/uploads\/2021\/06\/rendicion-768x766.png 768w, https:\/\/losandes.gob.ec\/carchi\/wp-content\/uploads\/2021\/06\/rendicion-500x500.png 500w, https:\/\/losandes.gob.ec\/carchi\/wp-content\/uploads\/2021\/06\/rendicion-400x400.png 400w, https:\/\/losandes.gob.ec\/carchi\/wp-content\/uploads\/2021\/06\/rendicion.png 770w\" sizes=\"(max-width: 550px) 100vw, 550px\" \/><\/p>\n<p>el link de acceso a la reuni\u00f3n es:<\/p>\n<p>https:\/\/byui.zoom.us\/j\/6202624030?pwd=T1BWVkpqUmVaNExTYUo2bjZYenQxQT09<\/p>\n","protected":false},"excerpt":{"rendered":"<p>INFORMES DE RENDICI\u00d3N DE CUENTAS INSTITUCIONAL REALIZADA EL 30 DE JUNIO DE 2020 POR PLATAFORMA ZOOM LA GRABACI\u00d3N SE ENCUENTRA PUBLICADA EN LA PAGINA DE FACEBBOK DE LA INSTITUCI\u00d3N RENDICION CUENTASGAD 202O INFORME DE VOCALES SRA. LUISA NEJER ppt rdc luisa nejer 1 SR. PACO MALDONADO RENDICION PACO 2020.pptx SRA. M\u00d3NICA MONTALVO RENDICION 2020 MONICA [&hellip;]<\/p>\n","protected":false},"author":4,"featured_media":0,"parent":0,"menu_order":0,"comment_status":"closed","ping_status":"closed","template":"","meta":{"footnotes":""},"yst_prominent_words":[104,155,156,108,157,151,150,154,152,153,21,148],"class_list":["post-2272","page","type-page","status-publish","hentry"],"_links":{"self":[{"href":"https:\/\/losandes.gob.ec\/carchi\/wp-json\/wp\/v2\/pages\/2272","targetHints":{"allow":["GET"]}}],"collection":[{"href":"https:\/\/losandes.gob.ec\/carchi\/wp-json\/wp\/v2\/pages"}],"about":[{"href":"https:\/\/losandes.gob.ec\/carchi\/wp-json\/wp\/v2\/types\/page"}],"author":[{"embeddable":true,"href":"https:\/\/losandes.gob.ec\/carchi\/wp-json\/wp\/v2\/users\/4"}],"replies":[{"embeddable":true,"href":"https:\/\/losandes.gob.ec\/carchi\/wp-json\/wp\/v2\/comments?post=2272"}],"version-history":[{"count":4,"href":"https:\/\/losandes.gob.ec\/carchi\/wp-json\/wp\/v2\/pages\/2272\/revisions"}],"predecessor-version":[{"id":2739,"href":"https:\/\/losandes.gob.ec\/carchi\/wp-json\/wp\/v2\/pages\/2272\/revisions\/2739"}],"wp:attachment":[{"href":"https:\/\/losandes.gob.ec\/carchi\/wp-json\/wp\/v2\/media?parent=2272"}],"wp:term":[{"taxonomy":"yst_prominent_words","embeddable":true,"href":"https:\/\/losandes.gob.ec\/carchi\/wp-json\/wp\/v2\/yst_prominent_words?post=2272"}],"curies":[{"name":"wp","href":"https:\/\/api.w.org\/{rel}","templated":true}]}}

Rendición de Cuentas 2021

<p>INFORMES DE RENDICIÓN DE CUENTAS INSTITUCIONAL</p>
<p>REALIZADA EL 30 DE JUNIO DE 2020 POR PLATAFORMA ZOOM</p>
<p>LA GRABACIÓN SE ENCUENTRA PUBLICADA EN LA PAGINA DE FACEBBOK DE LA INSTITUCIÓN</p>
<p><a href="https://losandes.gob.ec/carchi/wp-content/uploads/2021/07/RENDICION-CUENTASGAD-202O.pdf">RENDICION CUENTASGAD 202O</a></p>
<p>INFORME DE VOCALES</p>
<p>SRA. LUISA NEJER</p>
<p><a href="https://losandes.gob.ec/carchi/wp-content/uploads/2021/07/ppt-rdc-luisa-nejer-1.pdf">ppt rdc luisa nejer 1</a></p>
<p>SR. PACO MALDONADO</p>
<p><a href="https://losandes.gob.ec/carchi/wp-content/uploads/2021/07/RENDICION-PACO-2020.pptx.pdf">RENDICION PACO 2020.pptx</a></p>
<p>SRA. MÓNICA MONTALVO</p>
<p><a href="https://losandes.gob.ec/carchi/wp-content/uploads/2021/07/RENDICION-2020-MONICA-MONTALVO.pdf">RENDICION 2020 MONICA MONTALVO</a></p>
<p>EL GAD PARROQUIAL RURAL LOS ANDES</p>
<p>INVITA A TODOS LOS CIUDADANOS A LA RENDICIÓN DE CUENTAS DEL AÑO 2020</p>
<p>MIERCOLES 30 DE JUNIO DE 2021 &#8211; A LAS 10H00am</p>
<p><img fetchpriority="high" decoding="async" class="alignnone size-medium wp-image-2725" src="https://losandes.gob.ec/carchi/wp-content/uploads/2021/06/rendicion-550x549.png" alt="" width="550" height="549" srcset="https://losandes.gob.ec/carchi/wp-content/uploads/2021/06/rendicion-550x549.png 550w, https://losandes.gob.ec/carchi/wp-content/uploads/2021/06/rendicion-150x150.png 150w, https://losandes.gob.ec/carchi/wp-content/uploads/2021/06/rendicion-768x766.png 768w, https://losandes.gob.ec/carchi/wp-content/uploads/2021/06/rendicion-500x500.png 500w, https://losandes.gob.ec/carchi/wp-content/uploads/2021/06/rendicion-400x400.png 400w, https://losandes.gob.ec/carchi/wp-content/uploads/2021/06/rendicion.png 770w" sizes="(max-width: 550px) 100vw, 550px" /></p>
<p>el link de acceso a la reunión es:</p>
<p>https://byui.zoom.us/j/6202624030?pwd=T1BWVkpqUmVaNExTYUo2bjZYenQxQT09</p>

<p>INFORMES DE RENDICIÓN DE CUENTAS INSTITUCIONAL REALIZADA EL 30 DE JUNIO DE 2020 POR PLATAFORMA ZOOM LA GRABACIÓN SE ENCUENTRA PUBLICADA EN LA PAGINA DE FACEBBOK DE LA INSTITUCIÓN RENDICION CUENTASGAD 202O INFORME DE VOCALES SRA. LUISA NEJER ppt rdc luisa nejer 1 SR. PACO MALDONADO RENDICION PACO 2020.pptx SRA. MÓNICA MONTALVO RENDICION 2020 MONICA [&hellip;]</p>
